{"id":12272,"date":"2020-09-28T12:21:37","date_gmt":"2020-09-28T12:21:37","guid":{"rendered":"http:\/\/www.lebenshilfe-kv-gg.de\/?page_id=12272"},"modified":"2021-06-21T09:37:40","modified_gmt":"2021-06-21T09:37:40","slug":"mitglied-werden","status":"publish","type":"page","link":"https:\/\/www.lebenshilfe-kv-gg.de\/?page_id=12272","title":{"rendered":"Mitglied werden"},"content":{"rendered":"<p><button id=\"listenButton1\" class=\"responsivevoice-button\" type=\"button\" value=\"Play\" title=\"ResponsiveVoice Tap to Start\/Stop Speech\"><span>&#128266; Seite vorlesen lassen<\/span><\/button>\n        <script>\n            listenButton1.onclick = function(){\n                if(responsiveVoice.isPlaying()){\n                    responsiveVoice.cancel();\n                }else{\n                    responsiveVoice.speak(\"Vorteile Wir beraten Mitglieder. Wir halten Vortr\u00e4ge zu wichtigen Themen. Wir feiern zusammen. Wir haben Freizeitangebote nur f\u00fcr Mitglieder: Ausfl\u00fcge Tanzgruppen Theatergruppen Wir informieren Mitglieder \u00fcber Neuigkeiten. Wir informieren in unseren Flyern. Unser Vorstand ber\u00e4t alle Mitglieder. \u00a0 Kosten Die Mitgliedschaft kostet 50 Euro f\u00fcr Menschen ohne Behinderung. Die Mitgliedschaft kostet 15 Euro f\u00fcr Menschen mit Behinderung. Menschen mit Behinderungen m\u00fcssen einen Antrag ausf\u00fcllen. Sonst m\u00fcssen sie auch 50 Euro bezahlen. \u00a0 Mitglied werden Hier k\u00f6nnen Sie die Beitritts-Erkl\u00e4rung herunter laden. Damit k\u00f6nnen Sie Mitglied werden.\", \"Deutsch Female\");\n                }\n            };\n        <\/script>\n    <\/p>\n<p><strong>Vorteile<\/strong><\/p>\n<p>Wir beraten Mitglieder.<\/p>\n<p>Wir halten Vortr\u00e4ge zu wichtigen Themen.<\/p>\n<p>Wir feiern zusammen.<\/p>\n<p>Wir haben Freizeitangebote nur f\u00fcr Mitglieder:<\/p>\n<ul>\n<li>Ausfl\u00fcge<\/li>\n<li>Tanzgruppen<\/li>\n<li>Theatergruppen<\/li>\n<\/ul>\n<p>Wir informieren Mitglieder \u00fcber Neuigkeiten.<\/p>\n<p>Wir informieren in unseren Flyern.<\/p>\n<p>Unser Vorstand ber\u00e4t alle Mitglieder.<\/p>\n<p>\u00a0<\/p>\n<p><strong>Kosten<\/strong><\/p>\n<p>Die Mitgliedschaft kostet 50 Euro f\u00fcr Menschen ohne Behinderung.<a href=\"https:\/\/www.lebenshilfe-kv-gg.de\/wp-content\/uploads\/2020\/09\/geld-bezahlen.png\"><img loading=\"lazy\" decoding=\"async\" class=\" wp-image-12327 alignright\" src=\"https:\/\/www.lebenshilfe-kv-gg.de\/wp-content\/uploads\/2020\/09\/geld-bezahlen-300x268.png\" alt=\"\" width=\"240\" height=\"214\" srcset=\"https:\/\/www.lebenshilfe-kv-gg.de\/wp-content\/uploads\/2020\/09\/geld-bezahlen-300x268.png 300w, https:\/\/www.lebenshilfe-kv-gg.de\/wp-content\/uploads\/2020\/09\/geld-bezahlen.png 559w\" sizes=\"auto, (max-width: 240px) 100vw, 240px\" \/><\/a><\/p>\n<p>Die Mitgliedschaft kostet 15 Euro f\u00fcr Menschen mit Behinderung.<\/p>\n<p>Menschen mit Behinderungen m\u00fcssen einen Antrag ausf\u00fcllen.<\/p>\n<p>Sonst m\u00fcssen sie auch 50 Euro bezahlen.<\/p>\n<p>\u00a0<\/p>\n<p><strong>Mitglied werden<\/strong><\/p>\n<p><a href=\"https:\/\/www.lebenshilfe-kv-gg.de\/wp-content\/uploads\/2021\/06\/Beitrittserklaerung-in-Einfacher-Sprache.pdf\" target=\"_blank\" rel=\"noopener\">Hier<\/a> k\u00f6nnen Sie die Beitritts-Erkl\u00e4rung herunter laden.<a href=\"https:\/\/www.lebenshilfe-kv-gg.de\/wp-content\/uploads\/2020\/09\/vertrag.png\"><img loading=\"lazy\" decoding=\"async\" class=\" wp-image-12349 alignright\" src=\"https:\/\/www.lebenshilfe-kv-gg.de\/wp-content\/uploads\/2020\/09\/vertrag-222x300.png\" alt=\"\" width=\"168\" height=\"227\" srcset=\"https:\/\/www.lebenshilfe-kv-gg.de\/wp-content\/uploads\/2020\/09\/vertrag-222x300.png 222w, https:\/\/www.lebenshilfe-kv-gg.de\/wp-content\/uploads\/2020\/09\/vertrag.png 370w\" sizes=\"auto, (max-width: 168px) 100vw, 168px\" \/><\/a><\/p>\n<p>Damit k\u00f6nnen Sie Mitglied werden.<\/p>\n","protected":false},"excerpt":{"rendered":"<p>Vorteile Wir beraten Mitglieder. Wir halten Vortr\u00e4ge zu wichtigen Themen. Wir feiern zusammen. Wir haben Freizeitangebote nur f\u00fcr Mitglieder: Ausfl\u00fcge Tanzgruppen Theatergruppen Wir informieren Mitglieder \u00fcber Neuigkeiten. Wir informieren in <a class=\"more-link\" href=\"https:\/\/www.lebenshilfe-kv-gg.de\/?page_id=12272\">Weiterlesen &#8230; \u2192<\/a><\/p>\n","protected":false},"author":1,"featured_media":0,"parent":12250,"menu_order":3,"comment_status":"closed","ping_status":"closed","template":"","meta":{"footnotes":""},"class_list":["post-12272","page","type-page","status-publish","hentry"],"_links":{"self":[{"href":"https:\/\/www.lebenshilfe-kv-gg.de\/index.php?rest_route=\/wp\/v2\/pages\/12272","targetHints":{"allow":["GET"]}}],"collection":[{"href":"https:\/\/www.lebenshilfe-kv-gg.de\/index.php?rest_route=\/wp\/v2\/pages"}],"about":[{"href":"https:\/\/www.lebenshilfe-kv-gg.de\/index.php?rest_route=\/wp\/v2\/types\/page"}],"author":[{"embeddable":true,"href":"https:\/\/www.lebenshilfe-kv-gg.de\/index.php?rest_route=\/wp\/v2\/users\/1"}],"replies":[{"embeddable":true,"href":"https:\/\/www.lebenshilfe-kv-gg.de\/index.php?rest_route=%2Fwp%2Fv2%2Fcomments&post=12272"}],"version-history":[{"count":6,"href":"https:\/\/www.lebenshilfe-kv-gg.de\/index.php?rest_route=\/wp\/v2\/pages\/12272\/revisions"}],"predecessor-version":[{"id":13275,"href":"https:\/\/www.lebenshilfe-kv-gg.de\/index.php?rest_route=\/wp\/v2\/pages\/12272\/revisions\/13275"}],"up":[{"embeddable":true,"href":"https:\/\/www.lebenshilfe-kv-gg.de\/index.php?rest_route=\/wp\/v2\/pages\/12250"}],"wp:attachment":[{"href":"https:\/\/www.lebenshilfe-kv-gg.de\/index.php?rest_route=%2Fwp%2Fv2%2Fmedia&parent=12272"}],"curies":[{"name":"wp","href":"https:\/\/api.w.org\/{rel}","templated":true}]}}