{"id":12541,"date":"2020-11-03T09:49:36","date_gmt":"2020-11-03T09:49:36","guid":{"rendered":"http:\/\/www.lebenshilfe-kv-gg.de\/?page_id=12541"},"modified":"2022-12-23T09:07:19","modified_gmt":"2022-12-23T09:07:19","slug":"videokonferenz","status":"publish","type":"page","link":"https:\/\/www.lebenshilfe-kv-gg.de\/?page_id=12541","title":{"rendered":"Anmeldung zu den Angeboten"},"content":{"rendered":"<p><div class=\"forminator-ui forminator-custom-form forminator-custom-form-13928 forminator-design--default  forminator_ajax\" data-forminator-render=\"0\" data-form=\"forminator-module-13928\" data-uid=\"69ff1ff6770cd\"><br\/><\/div><form\n\t\t\t\tid=\"forminator-module-13928\"\n\t\t\t\tclass=\"forminator-ui forminator-custom-form forminator-custom-form-13928 forminator-design--default  forminator_ajax\"\n\t\t\t\tmethod=\"post\"\n\t\t\t\tdata-forminator-render=\"0\"\n\t\t\t\tdata-form-id=\"13928\"\n\t\t\t\t data-color-option=\"default\" data-design=\"default\" data-grid=\"open\" style=\"display: none;\"\n\t\t\t\tdata-uid=\"69ff1ff6770cd\"\n\t\t\t><div role=\"alert\" aria-live=\"polite\" class=\"forminator-response-message forminator-error\" aria-hidden=\"true\"><\/div><div class=\"forminator-row\"><div id=\"name-1\" class=\"forminator-field-name forminator-col forminator-col-12 \"><div class=\"forminator-row forminator-no-margin\" data-multiple=\"true\"><div class=\"forminator-col forminator-col-md-6\"><div class=\"forminator-field\"><label for=\"forminator-field-first-name-1_69ff1ff6770cd\" id=\"forminator-field-first-name-1_69ff1ff6770cd-label\" class=\"forminator-label\">Vorname <span class=\"forminator-required\">*<\/span><\/label><input type=\"text\" name=\"name-1-first-name\" placeholder=\"\" id=\"forminator-field-first-name-1_69ff1ff6770cd\" class=\"forminator-input\" aria-required=\"true\" data-multi=\"1\" autocomplete=\"given-name\" value=\"\" \/><\/div><\/div><div class=\"forminator-col forminator-col-md-6\"><div class=\"forminator-field\"><label for=\"forminator-field-last-name-1_69ff1ff6770cd\" id=\"forminator-field-last-name-1_69ff1ff6770cd-label\" class=\"forminator-label\">Nachname <span class=\"forminator-required\">*<\/span><\/label><input type=\"text\" name=\"name-1-last-name\" placeholder=\"\" id=\"forminator-field-last-name-1_69ff1ff6770cd\" class=\"forminator-input\" aria-required=\"true\" data-multi=\"1\" autocomplete=\"family-name\" value=\"\" \/><\/div><\/div><\/div><\/div><\/div><div class=\"forminator-row\"><div id=\"address-1\" class=\"forminator-field-address forminator-col forminator-col-12 \"><div class=\"forminator-row\"><div id=\"address-1-street_address\" class=\"forminator-col\"><div class=\"forminator-field\"><label for=\"forminator-field-address-1-street_address_69ff1ff6770cd\" id=\"forminator-field-address-1-street_address_69ff1ff6770cd-label\" class=\"forminator-label\">Stra\u00dfe <span class=\"forminator-required\">*<\/span><\/label><input type=\"text\" name=\"address-1-street_address\" placeholder=\"\" id=\"forminator-field-address-1-street_address_69ff1ff6770cd\" class=\"forminator-input\" data-required=\"1\" aria-required=\"true\" autocomplete=\"address-line1\" value=\"\" \/><\/div><\/div><\/div><div class=\"forminator-row\"><div id=\"address-1-address_line\" class=\"forminator-col\"><div class=\"forminator-field\"><label for=\"forminator-field-address-1-address_line_69ff1ff6770cd\" id=\"forminator-field-address-1-address_line_69ff1ff6770cd-label\" class=\"forminator-label\">Adresszusatz<\/label><input type=\"text\" name=\"address-1-address_line\" placeholder=\"\" id=\"forminator-field-address-1-address_line_69ff1ff6770cd\" class=\"forminator-input\" data-required=\"\" aria-required=\"false\" autocomplete=\"address-line2\" value=\"\" \/><\/div><\/div><\/div><div class=\"forminator-row\" data-multiple=\"false\"><div id=\"address-1-city\" class=\"forminator-col forminator-col-12\"><div class=\"forminator-field\"><label for=\"forminator-field-address-1-city_69ff1ff6770cd\" id=\"forminator-field-address-1-city_69ff1ff6770cd-label\" class=\"forminator-label\">Stadt <span class=\"forminator-required\">*<\/span><\/label><input type=\"text\" name=\"address-1-city\" placeholder=\"\" id=\"forminator-field-address-1-city_69ff1ff6770cd\" class=\"forminator-input\" data-required=\"1\" aria-required=\"true\" autocomplete=\"address-level2\" value=\"\" \/><\/div><\/div><\/div><div class=\"forminator-row\" data-multiple=\"false\"><div id=\"address-1-zip\" class=\"forminator-col forminator-col-12\"><div class=\"forminator-field\"><label for=\"forminator-field-address-1-zip_69ff1ff6770cd\" id=\"forminator-field-address-1-zip_69ff1ff6770cd-label\" class=\"forminator-label\">Postleitzahl <span class=\"forminator-required\">*<\/span><\/label><input type=\"text\" name=\"address-1-zip\" placeholder=\"\" id=\"forminator-field-address-1-zip_69ff1ff6770cd\" class=\"forminator-input\" autocomplete=\"postal-code\" value=\"\" \/><\/div><\/div><\/div><\/div><\/div><div class=\"forminator-row\"><div id=\"email-1\" class=\"forminator-field-email forminator-col forminator-col-12 \"><div class=\"forminator-field\"><label for=\"forminator-field-email-1_69ff1ff6770cd\" id=\"forminator-field-email-1_69ff1ff6770cd-label\" class=\"forminator-label\">E-Mail-Adresse <span class=\"forminator-required\">*<\/span><\/label><input type=\"email\" name=\"email-1\" value=\"\" placeholder=\"\" id=\"forminator-field-email-1_69ff1ff6770cd\" class=\"forminator-input forminator-email--field\" data-required=\"1\" aria-required=\"true\" autocomplete=\"email\" \/><\/div><\/div><\/div><div class=\"forminator-row\"><div id=\"phone-1\" class=\"forminator-field-phone forminator-col forminator-col-12 \"><div class=\"forminator-field\"><label for=\"forminator-field-phone-1_69ff1ff6770cd\" id=\"forminator-field-phone-1_69ff1ff6770cd-label\" class=\"forminator-label\">Telefonnummer <span class=\"forminator-required\">*<\/span><\/label><input type=\"text\" name=\"phone-1\" value=\"\" placeholder=\"\" id=\"forminator-field-phone-1_69ff1ff6770cd\" class=\"forminator-input forminator-field--phone\" data-required=\"1\" aria-required=\"true\" autocomplete=\"off\" data-national_mode=\"enabled\" data-country=\"de\" data-validation=\"standard\" \/><\/div><\/div><\/div><div class=\"forminator-row\"><div id=\"name-2\" class=\"forminator-field-name forminator-col forminator-col-12 \"><div class=\"forminator-row forminator-no-margin\" data-multiple=\"true\"><div class=\"forminator-col forminator-col-md-6\"><div class=\"forminator-field\"><label for=\"forminator-field-first-name-2_69ff1ff6770cd\" id=\"forminator-field-first-name-2_69ff1ff6770cd-label\" class=\"forminator-label\">Vorname <span class=\"forminator-required\">*<\/span><\/label><input type=\"text\" name=\"name-2-first-name\" placeholder=\"\" id=\"forminator-field-first-name-2_69ff1ff6770cd\" class=\"forminator-input\" aria-required=\"true\" data-multi=\"1\" autocomplete=\"given-name\" value=\"\" aria-describedby=\"forminator-field-first-name-2_69ff1ff6770cd-description\" \/><span id=\"forminator-field-first-name-2_69ff1ff6770cd-description\" class=\"forminator-description\">des Kindes\/Beutreuten<\/span><\/div><\/div><div class=\"forminator-col forminator-col-md-6\"><div class=\"forminator-field\"><label for=\"forminator-field-last-name-2_69ff1ff6770cd\" id=\"forminator-field-last-name-2_69ff1ff6770cd-label\" class=\"forminator-label\">Nachname <span class=\"forminator-required\">*<\/span><\/label><input type=\"text\" name=\"name-2-last-name\" placeholder=\"\" id=\"forminator-field-last-name-2_69ff1ff6770cd\" class=\"forminator-input\" aria-required=\"true\" data-multi=\"1\" autocomplete=\"family-name\" value=\"\" aria-describedby=\"forminator-field-last-name-2_69ff1ff6770cd-description\" \/><span id=\"forminator-field-last-name-2_69ff1ff6770cd-description\" class=\"forminator-description\">des Kinder\/Beutreuten<\/span><\/div><\/div><\/div><\/div><\/div><div class=\"forminator-row\"><div id=\"select-1\" class=\"forminator-field-select forminator-col forminator-col-12 \"><div class=\"forminator-field\"><label for=\"forminator-form-13928__field--select-1_69ff1ff6770cd\" id=\"forminator-form-13928__field--select-1_69ff1ff6770cd-label\" class=\"forminator-label\">Freizeitangebot <span class=\"forminator-required\">*<\/span><\/label><select  id=\"forminator-form-13928__field--select-1_69ff1ff6770cd\" class=\"forminator-select--field forminator-select2 forminator-select2-multiple\" data-required=\"1\" name=\"select-1\" data-default-value=\"EW-Freizeit\" data-placeholder=\"Bitte w\u00e4hle eine Option aus\" data-search=\"false\" data-search-placeholder=\"Bitte w\u00e4hle eine Option aus\" data-checkbox=\"false\" data-allow-clear=\"false\" aria-labelledby=\"forminator-form-13928__field--select-1_69ff1ff6770cd-label\" aria-describedby=\"forminator-form-13928__field--select-1_69ff1ff6770cd-description\"><option value=\"\"  >Bitte w\u00e4hle eine Option aus<\/option><option value=\"EW-Freizeit\" selected=\"selected\" data-calculation=\"0\">EW-Freizeit<\/option><option value=\"Strandfreizeit\"  data-calculation=\"0\">Strandfreizeit<\/option><\/select><span id=\"forminator-form-13928__field--select-1_69ff1ff6770cd-description\" class=\"forminator-description\">Bitte ausw\u00e4hlen<\/span><\/div><\/div><\/div><div class=\"forminator-row\"><div id=\"textarea-1\" class=\"forminator-field-textarea forminator-col forminator-col-12 \"><div class=\"forminator-field\"><label for=\"forminator-field-textarea-1_69ff1ff6770cd\" id=\"forminator-field-textarea-1_69ff1ff6770cd-label\" class=\"forminator-label\">Form der Behinderung, Besonderheiten <span class=\"forminator-required\">*<\/span><\/label><textarea name=\"textarea-1\" placeholder=\"\" id=\"forminator-field-textarea-1_69ff1ff6770cd\" class=\"forminator-textarea\" rows=\"6\" style=\"min-height:140px;\" maxlength=\"3600\" ><\/textarea><span id=\"forminator-field-textarea-1_69ff1ff6770cd-description\" class=\"forminator-description\"><span data-limit=\"3600\" data-type=\"characters\" data-editor=\"\">0 \/ 3600<\/span><\/span><\/div><\/div><\/div><div class=\"forminator-row\"><div id=\"consent-1\" class=\"forminator-field-consent forminator-col forminator-col-12 \"><div class=\"forminator-field\"><label for=\"forminator-field-consent-1_69ff1ff6770cd\" id=\"forminator-field-consent-1_69ff1ff6770cd-label\" class=\"forminator-label\">Erkl\u00e4rung <span class=\"forminator-required\">*<\/span><\/label><div class=\"forminator-checkbox__wrapper\"><label id=\"forminator-field-consent-1_69ff1ff6770cd__label\" class=\"forminator-checkbox forminator-consent\"><input type=\"checkbox\" name=\"consent-1\" id=\"forminator-field-consent-1_69ff1ff6770cd\" value=\"checked\" aria-labelledby=\"forminator-field-consent-1_69ff1ff6770cd-label\" aria-describedby=\"forminator-field-consent-1_69ff1ff6770cd__description\" data-required=\"true\" aria-required=\"true\" \/><span class=\"forminator-checkbox-box\" aria-hidden=\"true\"><\/span><\/label><div id=\"forminator-field-consent-1_69ff1ff6770cd__description\" class=\"forminator-checkbox__label forminator-consent__label\"><p>Hiermit melde ich mein Kind\/Beutrete(n) verbindlich f\u00fcr die von mir ausgew\u00e4hlte Freizeitma\u00dfname an.<\/p><\/div><\/div><\/div><\/div><\/div><div class=\"forminator-row\"><div id=\"consent-2\" class=\"forminator-field-consent forminator-col forminator-col-12 \"><div class=\"forminator-field\"><label for=\"forminator-field-consent-2_69ff1ff6770cd\" id=\"forminator-field-consent-2_69ff1ff6770cd-label\" class=\"forminator-label\">Fotoerlaubnis<\/label><div class=\"forminator-checkbox__wrapper\"><label id=\"forminator-field-consent-2_69ff1ff6770cd__label\" class=\"forminator-checkbox forminator-consent\"><input type=\"checkbox\" name=\"consent-2\" id=\"forminator-field-consent-2_69ff1ff6770cd\" value=\"checked\" aria-labelledby=\"forminator-field-consent-2_69ff1ff6770cd-label\" aria-describedby=\"forminator-field-consent-2_69ff1ff6770cd__description\" data-required=\"false\" aria-required=\"false\" \/><span class=\"forminator-checkbox-box\" aria-hidden=\"true\"><\/span><\/label><div id=\"forminator-field-consent-2_69ff1ff6770cd__description\" class=\"forminator-checkbox__label forminator-consent__label\"><p>Ich erteile der Lebenshilfe Gro\u00df-Gerau e.V. die Erlaubnis, Fotos und Filmaufnahmen von meinem Kind \/ Betreuten oder mir zu machen. Diese Aufnahmen werden nur zum Zwecke der Erstellung von Fotob\u00fcchern\/Bildersammlungen der Angebotes oder der Gestaltung von Programmheften\/Webauftritten verwendet. Mir ist bewusst, dass ich diese Erlaubnis jederzeit widerrufen kann.<\/p><\/div><\/div><\/div><\/div><\/div><div class=\"forminator-row\"><div id=\"checkbox-1\" class=\"forminator-field-checkbox forminator-col forminator-col-12 \"><div role=\"group\" class=\"forminator-field\" aria-labelledby=\"forminator-checkbox-group-forminator-field-checkbox-1-69ff1ff6770cd-label\"><span id=\"forminator-checkbox-group-forminator-field-checkbox-1-69ff1ff6770cd-label\" class=\"forminator-label\">Foto-Stick<\/span><label id=\"forminator-field-checkbox-1-1-69ff1ff6770cd-label\" for=\"forminator-field-checkbox-1-1-69ff1ff6770cd\" class=\"forminator-checkbox\" title=\"Bitte senden sie mir nach dem Angebot einen Foto-USB-Stick zu.\"><input type=\"checkbox\" name=\"checkbox-1[]\" value=\"one\" id=\"forminator-field-checkbox-1-1-69ff1ff6770cd\" aria-labelledby=\"forminator-field-checkbox-1-1-69ff1ff6770cd-label\" data-calculation=\"0\"   aria-describedby=\"forminator-field-checkbox-1-69ff1ff6770cd-description\"\/><span class=\"forminator-checkbox-box\" aria-hidden=\"true\"><\/span><span class=\"forminator-checkbox-label\">Bitte senden sie mir nach dem Angebot einen Foto-USB-Stick zu.<\/span><\/label><span id=\"forminator-field-checkbox-1-69ff1ff6770cd-description\" class=\"forminator-description\">Ich m\u00f6chte einen USB-Stick mit sortierten Fotos des Angebotes erhalten (10\u20ac Extrakosten).<\/span><\/div><\/div><\/div><div class=\"forminator-row\"><div id=\"checkbox-2\" class=\"forminator-field-checkbox forminator-col forminator-col-12 \"><div role=\"group\" class=\"forminator-field required\" aria-labelledby=\"forminator-checkbox-group-forminator-field-checkbox-2-69ff1ff6770cd-label\"><span id=\"forminator-checkbox-group-forminator-field-checkbox-2-69ff1ff6770cd-label\" class=\"forminator-label\">Sind Sie bereits Kunde des Vereins? <span class=\"forminator-required\">*<\/span><\/span><label id=\"forminator-field-checkbox-2-1-69ff1ff6770cd-label\" for=\"forminator-field-checkbox-2-1-69ff1ff6770cd\" class=\"forminator-checkbox\" title=\"ja\"><input type=\"checkbox\" name=\"checkbox-2[]\" value=\"one\" id=\"forminator-field-checkbox-2-1-69ff1ff6770cd\" aria-labelledby=\"forminator-field-checkbox-2-1-69ff1ff6770cd-label\" data-calculation=\"0\"   data-hidden-behavior=\"zero\" aria-describedby=\"forminator-field-checkbox-2-69ff1ff6770cd-description\"\/><span class=\"forminator-checkbox-box\" aria-hidden=\"true\"><\/span><span class=\"forminator-checkbox-label\">ja<\/span><\/label><label id=\"forminator-field-checkbox-2-2-69ff1ff6770cd-label\" for=\"forminator-field-checkbox-2-2-69ff1ff6770cd\" class=\"forminator-checkbox\" title=\"nein\"><input type=\"checkbox\" name=\"checkbox-2[]\" value=\"two\" id=\"forminator-field-checkbox-2-2-69ff1ff6770cd\" aria-labelledby=\"forminator-field-checkbox-2-2-69ff1ff6770cd-label\" data-calculation=\"0\"   data-hidden-behavior=\"zero\" aria-describedby=\"forminator-field-checkbox-2-69ff1ff6770cd-description\"\/><span class=\"forminator-checkbox-box\" aria-hidden=\"true\"><\/span><span class=\"forminator-checkbox-label\">nein<\/span><\/label><span id=\"forminator-field-checkbox-2-69ff1ff6770cd-description\" class=\"forminator-description\">Alle Angebote k\u00f6nnen nur von Kunden des Vereins wahrgenommen werden. Sollten Sie noch kein Kunde sein, bitten wir Sie, sich zuerst telefonisch im Freizeitbereich zu melden.<\/span><\/div><\/div><\/div><div class=\"forminator-row\" style=\"margin: 0;\"><div id=\"captcha-1\" class=\"forminator-field-captcha  forminator-col-12 \"><div class=\"forminator-captcha-left forminator-g-recaptcha recaptcha-invisible\" data-theme=\"light\" data-badge=\"bottomright\" data-sitekey=\"6LcUhp8jAAAAAADfApomBYOhlKpQPve2YZiPFdZS\" data-size=\"invisible\"><\/div> <\/div><\/div><input type=\"hidden\" name=\"referer_url\" value=\"\" \/><div class=\"forminator-row forminator-row-last\"><div class=\"forminator-col\"><div class=\"forminator-field\"><button class=\"forminator-button forminator-button-submit\">Anmelden<\/button><\/div><\/div><\/div><input type=\"hidden\" id=\"forminator_nonce\" name=\"forminator_nonce\" value=\"c3485f25c2\" \/><input type=\"hidden\" name=\"_wp_http_referer\" value=\"\/index.php?rest_route=%2Fwp%2Fv2%2Fpages%2F12541\" \/><input type=\"hidden\" name=\"form_id\" value=\"13928\"><input type=\"hidden\" name=\"page_id\" value=\"12541\"><input type=\"hidden\" name=\"form_type\" value=\"default\"><input type=\"hidden\" name=\"current_url\" value=\"https:\/\/www.lebenshilfe-kv-gg.de\/?page_id=12541\"><input type=\"hidden\" name=\"render_id\" value=\"0\"><input type=\"hidden\" name=\"action\" value=\"forminator_submit_form_custom-forms\"><\/form><\/p>\n","protected":false},"excerpt":{"rendered":"","protected":false},"author":1,"featured_media":0,"parent":37,"menu_order":12,"comment_status":"closed","ping_status":"closed","template":"","meta":{"footnotes":""},"class_list":["post-12541","page","type-page","status-publish","hentry"],"_links":{"self":[{"href":"https:\/\/www.lebenshilfe-kv-gg.de\/index.php?rest_route=\/wp\/v2\/pages\/12541","targetHints":{"allow":["GET"]}}],"collection":[{"href":"https:\/\/www.lebenshilfe-kv-gg.de\/index.php?rest_route=\/wp\/v2\/pages"}],"about":[{"href":"https:\/\/www.lebenshilfe-kv-gg.de\/index.php?rest_route=\/wp\/v2\/types\/page"}],"author":[{"embeddable":true,"href":"https:\/\/www.lebenshilfe-kv-gg.de\/index.php?rest_route=\/wp\/v2\/users\/1"}],"replies":[{"embeddable":true,"href":"https:\/\/www.lebenshilfe-kv-gg.de\/index.php?rest_route=%2Fwp%2Fv2%2Fcomments&post=12541"}],"version-history":[{"count":7,"href":"https:\/\/www.lebenshilfe-kv-gg.de\/index.php?rest_route=\/wp\/v2\/pages\/12541\/revisions"}],"predecessor-version":[{"id":13970,"href":"https:\/\/www.lebenshilfe-kv-gg.de\/index.php?rest_route=\/wp\/v2\/pages\/12541\/revisions\/13970"}],"up":[{"embeddable":true,"href":"https:\/\/www.lebenshilfe-kv-gg.de\/index.php?rest_route=\/wp\/v2\/pages\/37"}],"wp:attachment":[{"href":"https:\/\/www.lebenshilfe-kv-gg.de\/index.php?rest_route=%2Fwp%2Fv2%2Fmedia&parent=12541"}],"curies":[{"name":"wp","href":"https:\/\/api.w.org\/{rel}","templated":true}]}}