{"id":26,"date":"2014-04-07T11:56:56","date_gmt":"2014-04-07T11:56:56","guid":{"rendered":"http:\/\/www.lebenshilfe-kv-gg.de\/?page_id=26"},"modified":"2023-12-08T09:09:28","modified_gmt":"2023-12-08T09:09:28","slug":"vorstand","status":"publish","type":"page","link":"https:\/\/www.lebenshilfe-kv-gg.de\/?page_id=26","title":{"rendered":"Vorstand"},"content":{"rendered":"<p><img loading=\"lazy\" decoding=\"async\" class=\"alignleft size-large wp-image-14071\" src=\"https:\/\/www.lebenshilfe-kv-gg.de\/wp-content\/uploads\/2023\/05\/Vorstand2-1024x342.png\" alt=\"\" width=\"750\" height=\"250\" srcset=\"https:\/\/www.lebenshilfe-kv-gg.de\/wp-content\/uploads\/2023\/05\/Vorstand2-1024x342.png 1024w, https:\/\/www.lebenshilfe-kv-gg.de\/wp-content\/uploads\/2023\/05\/Vorstand2-300x100.png 300w, https:\/\/www.lebenshilfe-kv-gg.de\/wp-content\/uploads\/2023\/05\/Vorstand2-768x256.png 768w, https:\/\/www.lebenshilfe-kv-gg.de\/wp-content\/uploads\/2023\/05\/Vorstand2-600x200.png 600w, https:\/\/www.lebenshilfe-kv-gg.de\/wp-content\/uploads\/2023\/05\/Vorstand2.png 1498w\" sizes=\"auto, (max-width: 750px) 100vw, 750px\" \/><\/p>\n<p>Vorstandsmitglieder von links: Heinz Neidhardt, Dennis M\u00fccke, Hans-Joachim Horneck, Stefan Tippner (2. Vorsitzender), Katja Vallbracht (Gesch\u00e4ftsf\u00fchrerin), Evelin Gerold, Manuel Gerold, Kathi Schmidt (1. Vorsitzende), Jakob Schlacht.<\/p>\n","protected":false},"excerpt":{"rendered":"<p>Vorstandsmitglieder von links: Heinz Neidhardt, Dennis M\u00fccke, Hans-Joachim Horneck, Stefan Tippner (2. Vorsitzender), Katja Vallbracht (Gesch\u00e4ftsf\u00fchrerin), Evelin Gerold, Manuel Gerold, Kathi Schmidt (1. Vorsitzende), Jakob Schlacht.<\/p>\n","protected":false},"author":1,"featured_media":0,"parent":22,"menu_order":5,"comment_status":"closed","ping_status":"open","template":"","meta":{"footnotes":""},"class_list":["post-26","page","type-page","status-publish","hentry"],"_links":{"self":[{"href":"https:\/\/www.lebenshilfe-kv-gg.de\/index.php?rest_route=\/wp\/v2\/pages\/26","targetHints":{"allow":["GET"]}}],"collection":[{"href":"https:\/\/www.lebenshilfe-kv-gg.de\/index.php?rest_route=\/wp\/v2\/pages"}],"about":[{"href":"https:\/\/www.lebenshilfe-kv-gg.de\/index.php?rest_route=\/wp\/v2\/types\/page"}],"author":[{"embeddable":true,"href":"https:\/\/www.lebenshilfe-kv-gg.de\/index.php?rest_route=\/wp\/v2\/users\/1"}],"replies":[{"embeddable":true,"href":"https:\/\/www.lebenshilfe-kv-gg.de\/index.php?rest_route=%2Fwp%2Fv2%2Fcomments&post=26"}],"version-history":[{"count":26,"href":"https:\/\/www.lebenshilfe-kv-gg.de\/index.php?rest_route=\/wp\/v2\/pages\/26\/revisions"}],"predecessor-version":[{"id":14226,"href":"https:\/\/www.lebenshilfe-kv-gg.de\/index.php?rest_route=\/wp\/v2\/pages\/26\/revisions\/14226"}],"up":[{"embeddable":true,"href":"https:\/\/www.lebenshilfe-kv-gg.de\/index.php?rest_route=\/wp\/v2\/pages\/22"}],"wp:attachment":[{"href":"https:\/\/www.lebenshilfe-kv-gg.de\/index.php?rest_route=%2Fwp%2Fv2%2Fmedia&parent=26"}],"curies":[{"name":"wp","href":"https:\/\/api.w.org\/{rel}","templated":true}]}}

<p><img loading="lazy" decoding="async" class="alignleft size-large wp-image-14071" src="https://www.lebenshilfe-kv-gg.de/wp-content/uploads/2023/05/Vorstand2-1024x342.png" alt="" width="750" height="250" srcset="https://www.lebenshilfe-kv-gg.de/wp-content/uploads/2023/05/Vorstand2-1024x342.png 1024w, https://www.lebenshilfe-kv-gg.de/wp-content/uploads/2023/05/Vorstand2-300x100.png 300w, https://www.lebenshilfe-kv-gg.de/wp-content/uploads/2023/05/Vorstand2-768x256.png 768w, https://www.lebenshilfe-kv-gg.de/wp-content/uploads/2023/05/Vorstand2-600x200.png 600w, https://www.lebenshilfe-kv-gg.de/wp-content/uploads/2023/05/Vorstand2.png 1498w" sizes="auto, (max-width: 750px) 100vw, 750px" /></p>
<p>Vorstandsmitglieder von links: Heinz Neidhardt, Dennis Mücke, Hans-Joachim Horneck, Stefan Tippner (2. Vorsitzender), Katja Vallbracht (Geschäftsführerin), Evelin Gerold, Manuel Gerold, Kathi Schmidt (1. Vorsitzende), Jakob Schlacht.</p>

<p>Vorstandsmitglieder von links: Heinz Neidhardt, Dennis Mücke, Hans-Joachim Horneck, Stefan Tippner (2. Vorsitzender), Katja Vallbracht (Geschäftsführerin), Evelin Gerold, Manuel Gerold, Kathi Schmidt (1. Vorsitzende), Jakob Schlacht.</p>
