{"id":34,"date":"2014-04-07T12:00:02","date_gmt":"2014-04-07T12:00:02","guid":{"rendered":"http:\/\/www.lebenshilfe-kv-gg.de\/?page_id=34"},"modified":"2026-03-04T12:34:47","modified_gmt":"2026-03-04T12:34:47","slug":"ansprechpartner","status":"publish","type":"page","link":"https:\/\/www.lebenshilfe-kv-gg.de\/?page_id=34","title":{"rendered":"Kontakt"},"content":{"rendered":"<table style=\"height: 500px;\" border=\"0\" width=\"100%\">\n<colgroup>\n<col width=\"100\" \/>\n<col width=\"100\" \/> <\/colgroup>\n<tbody>\n<tr>\n<td style=\"text-align: left;\"><strong>Gesch\u00e4ftsf\u00fchrung<\/strong><\/td>\n<\/tr>\n<tr>\n<td>\n<p><div id=\"attachment_240\" style=\"width: 210px\" class=\"wp-caption alignleft\"><img loading=\"lazy\" decoding=\"async\" aria-describedby=\"caption-attachment-240\" class=\" wp-image-240 \" src=\"https:\/\/www.lebenshilfe-kv-gg.de\/wp-content\/uploads\/2018\/01\/katja18.jpg\" alt=\"Katja Vallbracht\" width=\"200\" height=\"200\" \/><p id=\"caption-attachment-240\" class=\"wp-caption-text\">Katja Vallbracht<\/p><\/div><\/td>\n<td>\n<p><div id=\"attachment_240\" style=\"width: 210px\" class=\"wp-caption alignleft\"><img loading=\"lazy\" decoding=\"async\" aria-describedby=\"caption-attachment-240\" class=\" wp-image-240 \" src=\"https:\/\/www.lebenshilfe-kv-gg.de\/wp-content\/uploads\/2018\/01\/davidb18.jpg\" alt=\"David Wieland\" width=\"200\" height=\"200\" \/><p id=\"caption-attachment-240\" class=\"wp-caption-text\">David Wieland<\/p><\/div><\/td>\n<\/tr>\n<tr>\n<td style=\"text-align: left;\">Gesch\u00e4ftsf\u00fchrung<\/td>\n<td style=\"text-align: left;\">Gesch\u00e4ftsf\u00fchrung<\/td>\n<\/tr>\n<tr>\n<td><em>Erreichbar von Montag bis Freitag.<br \/>\n<\/em>06152 &#8211; 638 009<br \/>\nvallbracht[at]lebenshilfe-kv-gg.de<\/td>\n<td><em>Erreichbar von Montag bis Freitag.<br \/>\n<\/em>06152 &#8211; 638 009<br \/>\nwieland[at]lebenshilfe-kv-gg.de<\/td>\n<\/tr>\n<\/tbody>\n<tbody>\n<tr>\n<td>\n<p><div id=\"attachment_240\" style=\"width: 210px\" class=\"wp-caption alignleft\"><img loading=\"lazy\" decoding=\"async\" aria-describedby=\"caption-attachment-240\" class=\" wp-image-240 \" src=\"https:\/\/www.lebenshilfe-kv-gg.de\/wp-content\/uploads\/2026\/03\/fiedler5.jpg\" alt=\"Michaela Fiedler\" width=\"200\" height=\"200\" \/><p id=\"caption-attachment-240\" class=\"wp-caption-text\">Michaela Fiedler<\/p><\/div><\/td>\n<td><\/td>\n<\/tr>\n<tr>\n<td style=\"text-align: left;\">Assistenz der Gesch\u00e4ftsf\u00fchrung<\/td>\n<\/tr>\n<tr>\n<td><em>Erreichbar vormittags von Montag bis Freitag.<br \/>\n<\/em>06152 &#8211; 638 009<br \/>\nfiedler[at]lebenshilfe-kv-gg.de<\/td>\n<td><\/td>\n<\/tr>\n<\/tbody>\n<\/table>\n<table style=\"height: 500px;\" border=\"0\" width=\"600\">\n<colgroup>\n<col width=\"100\" \/>\n<col width=\"100\" \/> <\/colgroup>\n<tbody>\n<tr>\n<td style=\"text-align: left;\"><strong>Angebote des Vereins f\u00fcr Menschen mit einer Behinderung<\/strong><\/td>\n<td style=\"text-align: left;\">\u00a0Faxnummer: 06152 638 011<\/td>\n<\/tr>\n<tr>\n<td>\n<p><div id=\"attachment_240\" style=\"width: 210px\" class=\"wp-caption alignleft\"><img loading=\"lazy\" decoding=\"async\" aria-describedby=\"caption-attachment-240\" class=\" wp-image-240 \" src=\"https:\/\/www.lebenshilfe-kv-gg.de\/wp-content\/uploads\/2024\/10\/Fabia3.png\" alt=\"Fabia Kr\u00e4mer\" width=\"200\" height=\"200\" \/><p id=\"caption-attachment-240\" class=\"wp-caption-text\">Fabia Kr\u00e4mer<\/p><\/div><\/td>\n<td>\n<p><div id=\"attachment_240\" style=\"width: 210px\" class=\"wp-caption alignleft\"><img loading=\"lazy\" decoding=\"async\" aria-describedby=\"caption-attachment-240\" class=\" wp-image-240 \" src=\"https:\/\/www.lebenshilfe-kv-gg.de\/wp-content\/uploads\/2018\/01\/andy18.jpg\" alt=\"Andreas Lara\" width=\"200\" height=\"200\" \/><p id=\"caption-attachment-240\" class=\"wp-caption-text\">Andreas Lara<\/p><\/div><\/td>\n<\/tr>\n<tr>\n<td style=\"text-align: left;\">Gruppenangebote (Ferienbetreuung, Freizeiten, Treffs etc.)<\/td>\n<td style=\"text-align: left;\">Einzelassistenz und Mitarbeiterbetreuung<\/td>\n<\/tr>\n<tr>\n<td><em>Erreichbar von Montag bis Freitag.<br \/>\n<\/em>06152 &#8211; 958 805<br \/>\nkraemer[at]lebenshilfe-kv-gg.de<\/td>\n<td><em>Erreichbar von Montag bis Freitag.<br \/>\n<\/em>06152 &#8211; 958 805<br \/>\nlara[at]lebenshilfe-kv-gg.de<\/td>\n<\/tr>\n<tr style=\"height: 228px;\">\n<td style=\"text-align: left;\"><img loading=\"lazy\" decoding=\"async\" class=\"  alignnone wp-image-240\" src=\"https:\/\/www.lebenshilfe-kv-gg.de\/wp-content\/uploads\/2018\/01\/nadine18.jpg\" alt=\"Nadine Benz\" width=\"200\" height=\"200\" \/><br \/>\nNadine Wilfer<\/td>\n<td style=\"text-align: left;\"><\/td>\n<\/tr>\n<tr>\n<td>FeD-Leitung, Ansprechpartnerin f\u00fcr die Themen Kundenvertr\u00e4ge, Schutzkonzept, Meldungen von Kindeswohlgef\u00e4hrdung<\/td>\n<td><\/td>\n<\/tr>\n<tr style=\"height: 147px;\">\n<td><em>Erreichbar von Montag bis Freitag.<br \/>\n<\/em>06152 &#8211; 958 805<br \/>\nwilfer[at]lebenshilfe-kv-gg.de<\/td>\n<td style=\"text-align: left;\"><\/td>\n<\/tr>\n<\/tbody>\n<\/table>\n<table style=\"height: 2567px; width: 100%;\" border=\"0\" width=\"600\">\n<colgroup>\n<col width=\"100\" \/>\n<col width=\"100\" \/> <\/colgroup>\n<tbody>\n<tr style=\"height: 41px;\">\n<td style=\"text-align: left; height: 41px;\"><strong>Schulassistenz f\u00fcr Kinder und Jugendliche mit einer Behinderung<\/strong><\/td>\n<td style=\"text-align: left; height: 41px;\">\u00a0Allgemeine Durchwahl: 06152 978 9058 -18<\/td>\n<\/tr>\n<tr style=\"height: 228px;\">\n<td style=\"height: 228px;\">\n<p><div id=\"attachment_240\" style=\"width: 210px\" class=\"wp-caption alignleft\"><img loading=\"lazy\" decoding=\"async\" aria-describedby=\"caption-attachment-240\" class=\" wp-image-240 \" src=\"https:\/\/www.lebenshilfe-kv-gg.de\/wp-content\/uploads\/2018\/01\/korona18.jpg\" alt=\"Korona G\u00f6ttert\" width=\"200\" height=\"200\" \/><p id=\"caption-attachment-240\" class=\"wp-caption-text\">Korona Adamopoulos<\/p><\/div><\/td>\n<td style=\"height: 228px;\">\n<p><div id=\"attachment_12903\" style=\"width: 210px\" class=\"wp-caption alignleft\"><img loading=\"lazy\" decoding=\"async\" aria-describedby=\"caption-attachment-12903\" class=\"wp-image-12903\" src=\"https:\/\/www.lebenshilfe-kv-gg.de\/wp-content\/uploads\/2021\/04\/Sven.jpg\" alt=\"\" width=\"200\" height=\"200\" srcset=\"https:\/\/www.lebenshilfe-kv-gg.de\/wp-content\/uploads\/2021\/04\/Sven.jpg 240w, https:\/\/www.lebenshilfe-kv-gg.de\/wp-content\/uploads\/2021\/04\/Sven-150x150.jpg 150w, https:\/\/www.lebenshilfe-kv-gg.de\/wp-content\/uploads\/2021\/04\/Sven-144x144.jpg 144w\" sizes=\"auto, (max-width: 200px) 100vw, 200px\" \/><p id=\"caption-attachment-12903\" class=\"wp-caption-text\">Sven Drodt<\/p><\/div><\/td>\n<\/tr>\n<tr style=\"height: 20px;\">\n<td style=\"text-align: left; height: 20px;\">Organisation der Schulassistenz<\/td>\n<td style=\"text-align: left; height: 20px;\">Organisation der Schulassistenz<\/td>\n<\/tr>\n<tr style=\"height: 126px;\">\n<td style=\"height: 126px;\">Erreichbar von Montag bis Freitag.<br \/>\n06152 &#8211; 978 9058 -13<br \/>\nadamopoulos[at]lebenshilfe-kv-gg.de<\/td>\n<td style=\"height: 126px;\">Erreichbar von Montag bis Freitag.<br \/>\n06152 &#8211; 978 9058 -17<br \/>\ndrodt[at]lebenshilfe-kv-gg.de<\/td>\n<\/tr>\n<tr style=\"height: 228px;\">\n<td style=\"height: 228px;\">\n<p><div id=\"attachment_240\" style=\"width: 210px\" class=\"wp-caption alignleft\"><img loading=\"lazy\" decoding=\"async\" aria-describedby=\"caption-attachment-240\" class=\" wp-image-240 \" src=\"https:\/\/www.lebenshilfe-kv-gg.de\/wp-content\/uploads\/2020\/02\/Roman2.png\" alt=\"Roman Kr\u00fcger\" width=\"200\" height=\"200\" \/><p id=\"caption-attachment-240\" class=\"wp-caption-text\">Roman Kr\u00fcger<\/p><\/div><\/td>\n<td style=\"height: 228px;\">\n<p><div id=\"attachment_12903\" style=\"width: 210px\" class=\"wp-caption alignleft\"><img loading=\"lazy\" decoding=\"async\" aria-describedby=\"caption-attachment-12903\" class=\"wp-image-12903\" src=\"https:\/\/www.lebenshilfe-kv-gg.de\/wp-content\/uploads\/2024\/09\/Angela.png\" alt=\"Angela Lamm\" width=\"200\" height=\"200\" \/><p id=\"caption-attachment-12903\" class=\"wp-caption-text\">Angela Lamm<\/p><\/div><\/td>\n<\/tr>\n<tr style=\"height: 20px;\">\n<td style=\"text-align: left; height: 20px;\">Leitung der Schulassistenz<\/td>\n<td style=\"text-align: left; height: 20px;\">Organisation der Schulassistenz<\/td>\n<\/tr>\n<tr style=\"height: 126px;\">\n<td style=\"height: 126px;\">Erreichbar von Montag bis Freitag.<br \/>\n06152 &#8211; 978 9058 -14<br \/>\nkrueger[at]lebenshilfe-kv-gg.de<\/td>\n<td style=\"height: 126px;\">Erreichbar von Montag bis Freitag.<br \/>\n06152 &#8211; 978 9058 -16<br \/>\nlamm[at]lebenshilfe-kv-gg.de<\/td>\n<\/tr>\n<tr style=\"height: 228px;\">\n<td style=\"height: 228px;\"><img loading=\"lazy\" decoding=\"async\" class=\"  alignnone wp-image-240\" src=\"https:\/\/www.lebenshilfe-kv-gg.de\/wp-content\/uploads\/2024\/09\/maria.png\" alt=\"Maria Schumacher\" width=\"200\" height=\"200\" \/><br \/>\nMaria Schumacher<\/td>\n<td style=\"height: 228px;\"><\/td>\n<\/tr>\n<tr style=\"height: 20px;\">\n<td style=\"text-align: left; height: 20px;\">Organisation der Schulassistenz<\/td>\n<td style=\"text-align: left; height: 20px;\"><\/td>\n<\/tr>\n<tr style=\"height: 147px;\">\n<td style=\"height: 147px;\">Erreichbar von Montag bis Freitag.<br \/>\n06152 &#8211; 978 9058 -15<br \/>\nschumacher[at]lebenshilfe-kv-gg.de<\/td>\n<td style=\"height: 147px;\"><\/td>\n<\/tr>\n<tr style=\"height: 20px;\">\n<td style=\"text-align: left; height: 20px;\"><strong>Abrechnung und Personalverwaltung<\/strong><\/td>\n<td style=\"height: 20px;\"><\/td>\n<\/tr>\n<tr style=\"height: 228px;\">\n<td style=\"height: 228px;\">\n<p><div id=\"attachment_240\" style=\"width: 210px\" class=\"wp-caption alignleft\"><img loading=\"lazy\" decoding=\"async\" aria-describedby=\"caption-attachment-240\" class=\"  wp-image-240\" src=\"https:\/\/www.lebenshilfe-kv-gg.de\/wp-content\/uploads\/2023\/07\/haertl.jpg\" alt=\"Sarah H\u00e4rtl\" width=\"200\" height=\"200\" \/><p id=\"caption-attachment-240\" class=\"wp-caption-text\">Sarah H\u00e4rtl<\/p><\/div><\/td>\n<td style=\"height: 228px;\">\n<p><div id=\"attachment_240\" style=\"width: 210px\" class=\"wp-caption alignleft\"><img loading=\"lazy\" decoding=\"async\" aria-describedby=\"caption-attachment-240\" class=\" wp-image-240 \" src=\"https:\/\/www.lebenshilfe-kv-gg.de\/wp-content\/uploads\/2018\/01\/andre1.jpg\" alt=\"Andre Kirsten\" width=\"200\" height=\"200\" \/><p id=\"caption-attachment-240\" class=\"wp-caption-text\">Andr\u00e9 Kirsten<\/p><\/div><\/td>\n<\/tr>\n<tr style=\"height: 20px;\">\n<td style=\"text-align: left; height: 20px;\">Buchhaltung<\/td>\n<td style=\"text-align: left; height: 20px;\">Buchhaltung, Abrechnung Mini-Jobber<\/td>\n<\/tr>\n<tr style=\"height: 191px;\">\n<td style=\"height: 191px;\">Erreichbar von Dienstag bis Freitag.<br \/>\n06152 &#8211; 9089 5511<br \/>\nhaertl[at]lebenshilfe-kv-gg.de<\/td>\n<td style=\"height: 191px;\">Erreichbar von Montag bis Donnerstag, telefonisch jeweils von 14:00 bis 16:00 Uhr.<br \/>\n06152 &#8211; 978 9058 -12<br \/>\nFax: 06152 &#8211; 978 9058 -20<br \/>\nkirsten[at]lebenshilfe-kv-gg.de<\/td>\n<\/tr>\n<tr style=\"height: 228px;\">\n<td style=\"height: 228px;\">\n<p><div id=\"attachment_240\" style=\"width: 210px\" class=\"wp-caption alignleft\"><img loading=\"lazy\" decoding=\"async\" aria-describedby=\"caption-attachment-240\" class=\" wp-image-240 \" src=\"https:\/\/www.lebenshilfe-kv-gg.de\/wp-content\/uploads\/2026\/01\/Natalia_HP.jpeg\" alt=\"Natalia Marinkewitsch\" width=\"200\" height=\"200\" \/><p id=\"caption-attachment-240\" class=\"wp-caption-text\">Natalia Marinkewitsch<\/p><\/div><\/td>\n<td style=\"height: 228px;\">\n<p><div id=\"attachment_240\" style=\"width: 210px\" class=\"wp-caption alignleft\"><img loading=\"lazy\" decoding=\"async\" aria-describedby=\"caption-attachment-240\" class=\" wp-image-240 \" src=\"https:\/\/www.lebenshilfe-kv-gg.de\/wp-content\/uploads\/2025\/04\/Martini_25a.jpg\" alt=\"Andrea Martini\" width=\"200\" height=\"200\" \/><p id=\"caption-attachment-240\" class=\"wp-caption-text\">Andrea Martini<\/p><\/div><\/td>\n<\/tr>\n<tr style=\"height: 20px;\">\n<td style=\"text-align: left; height: 20px;\">Abrechnung<\/td>\n<td style=\"text-align: left; height: 20px;\">Abrechnung Mini-Jobber \/ km-Geld<\/td>\n<\/tr>\n<tr style=\"height: 199px;\">\n<td style=\"height: 199px;\">Erreichbar vormittags von Montag bis Freitag.<br \/>\n06152 &#8211; 978 9058 -10<br \/>\nmarinkewitsch[at]lebenshilfe-kv-gg.de<\/td>\n<td style=\"height: 199px;\">Erreichbar vormittags von Montag bis Donnerstag.<br \/>\n06152 &#8211; 9089 5511<br \/>\nFax: 06152 &#8211; 978 9058 -20<br \/>\nmartini[at]lebenshilfe-kv-gg.de<\/td>\n<\/tr>\n<tr style=\"height: 228px;\">\n<td style=\"height: 228px;\">\n<p><div id=\"attachment_240\" style=\"width: 210px\" class=\"wp-caption alignleft\"><img loading=\"lazy\" decoding=\"async\" aria-describedby=\"caption-attachment-240\" class=\"  wp-image-240\" src=\"https:\/\/www.lebenshilfe-kv-gg.de\/wp-content\/uploads\/2021\/09\/Antonia.jpg\" alt=\"Antonia Rogalla\" width=\"200\" height=\"200\" \/><p id=\"caption-attachment-240\" class=\"wp-caption-text\">Antonia Rogalla<\/p><\/div><\/td>\n<td style=\"height: 228px;\">\n<p><div id=\"attachment_240\" style=\"width: 210px\" class=\"wp-caption alignleft\"><img loading=\"lazy\" decoding=\"async\" aria-describedby=\"caption-attachment-240\" class=\" wp-image-240 \" src=\"https:\/\/www.lebenshilfe-kv-gg.de\/wp-content\/uploads\/2026\/01\/Nicole_HP.jpeg\" alt=\"Nicole Sawall\" width=\"200\" height=\"200\" \/><p id=\"caption-attachment-240\" class=\"wp-caption-text\">Nicole Sawall<\/p><\/div><\/td>\n<\/tr>\n<tr style=\"height: 20px;\">\n<td style=\"text-align: left; height: 20px;\">Abrechnung \/ Datenschutzbeauftragte \/ Vertretungsregelung<\/td>\n<td style=\"height: 20px;\">Personal<\/td>\n<\/tr>\n<tr style=\"height: 199px;\">\n<td style=\"height: 199px;\">Erreichbar vormittags von Montag bis Freitag.<br \/>\nIn den ersten zwei Wochen jedes Monats telefonisch nur von 14:00-16:00 Uhr erreichbar.<br \/>\n06152 &#8211; 978 9058 -11<br \/>\nrogalla[at]lebenshilfe-kv-gg.de<\/td>\n<td style=\"height: 199px;\">Erreichbar vormittags.<br \/>\n06152 &#8211; 978 9058 -10<br \/>\nsawall[at]lebenshilfe-kv-gg.de<\/td>\n<\/tr>\n<tr style=\"height: 228px;\">\n<td style=\"height: 228px;\">\n<p><div id=\"attachment_240\" style=\"width: 210px\" class=\"wp-caption alignleft\"><img loading=\"lazy\" decoding=\"async\" aria-describedby=\"caption-attachment-240\" class=\" wp-image-240 \" src=\"https:\/\/www.lebenshilfe-kv-gg.de\/wp-content\/uploads\/2018\/01\/jessi18.jpg\" alt=\"Jessica Sergas\" width=\"200\" height=\"200\" \/><p id=\"caption-attachment-240\" class=\"wp-caption-text\">Jessica Sergas<\/p><\/div><\/td>\n<td style=\"height: 228px;\"><\/td>\n<\/tr>\n<tr style=\"height: 20px;\">\n<td style=\"height: 20px;\">Verwaltung \/ Kundenabrechnung<\/td>\n<td style=\"height: 20px;\"><\/td>\n<\/tr>\n<tr style=\"height: 199px;\">\n<td style=\"height: 199px;\">Erreichbar vormittags.<br \/>\n06152 &#8211; 958 806<br \/>\nsergas[at]lebenshilfe-kv-gg.de<\/td>\n<td style=\"height: 199px;\"><\/td>\n<\/tr>\n<tr style=\"height: 10px;\">\n<td style=\"height: 10px;\"><\/td>\n<td style=\"height: 10px;\"><\/td>\n<\/tr>\n<\/tbody>\n<\/table>\n","protected":false},"excerpt":{"rendered":"<p>Gesch\u00e4ftsf\u00fchrung Gesch\u00e4ftsf\u00fchrung Gesch\u00e4ftsf\u00fchrung Erreichbar von Montag bis Freitag. 06152 &#8211; 638 009 vallbracht[at]lebenshilfe-kv-gg.de Erreichbar von Montag bis Freitag. 06152 &#8211; 638 009 wieland[at]lebenshilfe-kv-gg.de Assistenz der Gesch\u00e4ftsf\u00fchrung Erreichbar vormittags von Montag <a class=\"more-link\" href=\"https:\/\/www.lebenshilfe-kv-gg.de\/?page_id=34\">Weiterlesen &#8230; \u2192<\/a><\/p>\n","protected":false},"author":1,"featured_media":0,"parent":0,"menu_order":5,"comment_status":"closed","ping_status":"open","template":"","meta":{"footnotes":""},"class_list":["post-34","page","type-page","status-publish","hentry"],"_links":{"self":[{"href":"https:\/\/www.lebenshilfe-kv-gg.de\/index.php?rest_route=\/wp\/v2\/pages\/34","targetHints":{"allow":["GET"]}}],"collection":[{"href":"https:\/\/www.lebenshilfe-kv-gg.de\/index.php?rest_route=\/wp\/v2\/pages"}],"about":[{"href":"https:\/\/www.lebenshilfe-kv-gg.de\/index.php?rest_route=\/wp\/v2\/types\/page"}],"author":[{"embeddable":true,"href":"https:\/\/www.lebenshilfe-kv-gg.de\/index.php?rest_route=\/wp\/v2\/users\/1"}],"replies":[{"embeddable":true,"href":"https:\/\/www.lebenshilfe-kv-gg.de\/index.php?rest_route=%2Fwp%2Fv2%2Fcomments&post=34"}],"version-history":[{"count":340,"href":"https:\/\/www.lebenshilfe-kv-gg.de\/index.php?rest_route=\/wp\/v2\/pages\/34\/revisions"}],"predecessor-version":[{"id":14845,"href":"https:\/\/www.lebenshilfe-kv-gg.de\/index.php?rest_route=\/wp\/v2\/pages\/34\/revisions\/14845"}],"wp:attachment":[{"href":"https:\/\/www.lebenshilfe-kv-gg.de\/index.php?rest_route=%2Fwp%2Fv2%2Fmedia&parent=34"}],"curies":[{"name":"wp","href":"https:\/\/api.w.org\/{rel}","templated":true}]}}