{"id":3504,"date":"2016-04-28T12:38:36","date_gmt":"2016-04-28T12:38:36","guid":{"rendered":"http:\/\/www.lebenshilfe-kv-gg.de\/?page_id=3504"},"modified":"2026-03-24T08:54:35","modified_gmt":"2026-03-24T08:54:35","slug":"erwachsenenangebot","status":"publish","type":"page","link":"https:\/\/www.lebenshilfe-kv-gg.de\/?page_id=3504","title":{"rendered":"Erwachsenenangebot"},"content":{"rendered":"<p><button id=\"listenButton1\" class=\"responsivevoice-button\" type=\"button\" value=\"Play\" title=\"ResponsiveVoice Tap to Start\/Stop Speech\"><span>&#128266; Seite vorlesen lassen<\/span><\/button>\n        <script>\n            listenButton1.onclick = function(){\n                if(responsiveVoice.isPlaying()){\n                    responsiveVoice.cancel();\n                }else{\n                    responsiveVoice.speak(\"Diese Seite in Einfacher Sprache lesen Die Lebenshilfe bietet erwachsenen Menschen mit einer Behinderung ein abwechslungsreiches Programm f\u00fcr ihre Freizeitgestaltung. Die Angebote finden immer am Wochenende statt, damit auch Menschen teilnehmen k\u00f6nnen, die unter der Woche arbeiten. Wir bieten verschiedenste Ausfl\u00fcge und Unternehmungen an, die eine Ablenkung vom Trott der Arbeit und des Alltages bieten. Unter anderem organisieren wir Besuche von Discos, Volksfesten und Sportevents, aber auch St\u00e4dtereisen sowie Bastelkurse. Dazu bieten wir ein viertelj\u00e4hrlich erscheinendes Programmheft, das bei uns angefordert oder hier heruntergeladen werden kann. Bei Anspruch auf stundenweise Verhinderungspflege oder zus\u00e4tzliche Betreuungsleistungen k\u00f6nnen die Kosten mit der Pflegekasse abgerechnet werden, ansonsten erhalten Sie eine Rechnung oder k\u00f6nnen bar am Tag des Angebotes zahlen.\", \"Deutsch Female\");\n                }\n            };\n        <\/script>\n    <\/p>\n<p><a href=\"https:\/\/www.lebenshilfe-kv-gg.de\/?page_id=12276\">Diese Seite in Einfacher Sprache lesen<\/a><\/p>\n<p>Die Lebenshilfe bietet erwachsenen Menschen mit einer Behinderung ein abwechslungsreiches Programm f\u00fcr ihre Freizeitgestaltung. Die Angebote finden immer am Wochenende statt, damit auch Menschen teilnehmen k\u00f6nnen, die unter der Woche arbeiten.<br \/>\nWir bieten verschiedenste Ausfl\u00fcge und Unternehmungen an, die eine Ablenkung vom Trott der Arbeit und des Alltages bieten. Unter anderem organisieren wir Besuche von Discos, Volksfesten und Sportevents, aber auch St\u00e4dtereisen sowie Bastelkurse. Dazu bieten wir ein viertelj\u00e4hrlich erscheinendes Programmheft, das bei uns angefordert oder hier heruntergeladen werden kann. Bei Anspruch auf stundenweise Verhinderungspflege oder zus\u00e4tzliche Betreuungsleistungen k\u00f6nnen die Kosten mit der Pflegekasse abgerechnet werden, ansonsten erhalten Sie eine Rechnung oder k\u00f6nnen bar am Tag des Angebotes zahlen.<\/p>\n","protected":false},"excerpt":{"rendered":"<p>Diese Seite in Einfacher Sprache lesen Die Lebenshilfe bietet erwachsenen Menschen mit einer Behinderung ein abwechslungsreiches Programm f\u00fcr ihre Freizeitgestaltung. Die Angebote finden immer am Wochenende statt, damit auch Menschen <a class=\"more-link\" href=\"https:\/\/www.lebenshilfe-kv-gg.de\/?page_id=3504\">Weiterlesen &#8230; \u2192<\/a><\/p>\n","protected":false},"author":1,"featured_media":0,"parent":37,"menu_order":6,"comment_status":"closed","ping_status":"closed","template":"","meta":{"footnotes":""},"class_list":["post-3504","page","type-page","status-publish","hentry"],"_links":{"self":[{"href":"https:\/\/www.lebenshilfe-kv-gg.de\/index.php?rest_route=\/wp\/v2\/pages\/3504","targetHints":{"allow":["GET"]}}],"collection":[{"href":"https:\/\/www.lebenshilfe-kv-gg.de\/index.php?rest_route=\/wp\/v2\/pages"}],"about":[{"href":"https:\/\/www.lebenshilfe-kv-gg.de\/index.php?rest_route=\/wp\/v2\/types\/page"}],"author":[{"embeddable":true,"href":"https:\/\/www.lebenshilfe-kv-gg.de\/index.php?rest_route=\/wp\/v2\/users\/1"}],"replies":[{"embeddable":true,"href":"https:\/\/www.lebenshilfe-kv-gg.de\/index.php?rest_route=%2Fwp%2Fv2%2Fcomments&post=3504"}],"version-history":[{"count":20,"href":"https:\/\/www.lebenshilfe-kv-gg.de\/index.php?rest_route=\/wp\/v2\/pages\/3504\/revisions"}],"predecessor-version":[{"id":14854,"href":"https:\/\/www.lebenshilfe-kv-gg.de\/index.php?rest_route=\/wp\/v2\/pages\/3504\/revisions\/14854"}],"up":[{"embeddable":true,"href":"https:\/\/www.lebenshilfe-kv-gg.de\/index.php?rest_route=\/wp\/v2\/pages\/37"}],"wp:attachment":[{"href":"https:\/\/www.lebenshilfe-kv-gg.de\/index.php?rest_route=%2Fwp%2Fv2%2Fmedia&parent=3504"}],"curies":[{"name":"wp","href":"https:\/\/api.w.org\/{rel}","templated":true}]}}