{"id":8895,"date":"2018-06-05T07:24:06","date_gmt":"2018-06-05T07:24:06","guid":{"rendered":"http:\/\/www.lebenshilfe-kv-gg.de\/?page_id=8895"},"modified":"2021-05-18T07:33:47","modified_gmt":"2021-05-18T07:33:47","slug":"datenschutzverordung","status":"publish","type":"page","link":"https:\/\/www.lebenshilfe-kv-gg.de\/?page_id=8895","title":{"rendered":"Da\u00adten\u00adschutz\u00adver\u00adord\u00adnung"},"content":{"rendered":"<p><button id=\"listenButton1\" class=\"responsivevoice-button\" type=\"button\" value=\"Play\" title=\"ResponsiveVoice Tap to Start\/Stop Speech\"><span>&#128266; Seite vorlesen lassen<\/span><\/button>\n        <script>\n            listenButton1.onclick = function(){\n                if(responsiveVoice.isPlaying()){\n                    responsiveVoice.cancel();\n                }else{\n                    responsiveVoice.speak(\"Grundlegendes zur Homepage unseres Vereines Unsere Homepage sammelt grunds\u00e4tzlich keinerlei personenbezogene Daten. Diese werden nur erfasst, wenn Sie sich direkt mit uns in Verbindung setzen, beispielsweise eine auf unserer Homepage angegebene Kontaktadresse nutzen. Ist die Verarbeitung personenbezogener Daten erforderlich, holen wir generell eine Einwilligung der betroffenen Person ein. Ohne Ihre Einwilligung geben wir Ihre Daten nicht an Dritte weiter. Die Verarbeitung personenbezogener Daten erfolgt im Einklang mit der Datenschutz-Grundverordnung und den landesspezifischen Datenschutzbestimmungen. Die Lebenshilfe Gro\u00df-Gerau e.V. hat als f\u00fcr die Verarbeitung Verantwortlicher zahlreiche technische und organisatorische Ma\u00dfnahmen getroffen, um einen m\u00f6glichst l\u00fcckenlosen Schutz der \u00fcber diese Internetseite verarbeiteten Daten sicher zu stellen. Dennoch k\u00f6nnen internetbasierte Daten\u00fcbertragungen grunds\u00e4tzlich Sicherheitsl\u00fccken aufweisen, so dass ein absoluter Schutz nicht gew\u00e4hrleistet werden kann. Aus diesem Grund steht unseren Nutzer*innen jederzeit frei, zur \u00dcbertragung von personenbezogenen Daten das Telefon oder den Postweg zu nutzen, oder uns zu unseren B\u00fcrozeiten pers\u00f6nlich anzusprechen. Name und Anschrift des Verantwortlichen f\u00fcr die Homepage Verantwortlich im Sinn der Datenschutz-Grundverordnung, sonstiger in den Mitgliedsstaaten der Europ\u00e4ischen Union geltenden Datenschutzgesetze und anderer Bestimmungen mit datenschutzrechtlichem Charakter ist: Lebenshilfe Kreisvereinigung Gro\u00df-Gerau e.V Walburgastr. 5 64521 Gro\u00df-Gerau Tel: 06152 \/ 638009 E-Mail: info@lebenshilfe-kv-gg.de Google Analytics\/ Cookies Die Homepage der Lebenshilfe Gro\u00df-Gerau e.V. verwendet keine Google Analytics, einen Webanalysedienst der Google Inc. (\u201eGoogle\u201c). Daher werden keine \u201eCookies\u201c, also Textdateien, auf Ihrem Computer gespeichert werden und es wird auch keine Analyse der Benutzung der Website durch sie durchgef\u00fchrt. Verwendung von Facebook \u201eSocial Plugins\u201c Unser Auftritt bei Facebook ist bewusst nicht mit der Homepage verlinkt, um den Datenaustausch zu begrenzen. Wir betreiben jedoch einen Facebook-Auftritt. Aufgrund unseres berechtigten Interesses an der Analyse, Optimierung und dem Betrieb unseres Online-Angebotes (im Sinne des Art. 6 Abs. 1 lit. f. DSGVO), kann diese Website jedoch zuk\u00fcnftig eventuell das Facebook-Social-Plugin nutzen, welches von der Facebook Inc. (1 Hacker Way, Menlo Park, California 94025, USA) betrieben wird. Erkennbar sind die Einbindungen an dem Facebook-Logo bzw. an den Begriffen \u201eLike\u201c, \u201eGef\u00e4llt mir\u201c, \u201eTeilen\u201c in den Farben Facebooks (Blau und Wei\u00df). Informationen zu allen Facebook-Plugins finden Sie \u00fcber den folgenden Link: https:\/\/developers.facebook.com\/docs\/plugins\/ Facebook Inc. h\u00e4lt das europ\u00e4ische Datenschutzrecht ein und ist unter dem Privacy-Shield-Abkommen zertifiziert: https:\/\/www.privacyshield.gov\/participant?id=a2zt0000000GnywAAC&status=Active Das Plugin stellt eine direkte Verbindung zwischen Ihrem Browser und den Facebook-Servern her. Der Websitebetreiber hat keinerlei Einfluss auf die Natur und den Umfang der Daten, welche das Plugin an die Server der Facebook Inc. \u00fcbermittelt. Informationen dazu finden Sie hier: https:\/\/www.facebook.com\/help\/186325668085084 Das Plugin informiert die Facebook Inc. dar\u00fcber, dass Sie als Nutzer diese Website besucht haben. Es besteht hierbei die M\u00f6glichkeit, dass Ihre IP-Adresse gespeichert wird. Sind Sie w\u00e4hrend des Besuchs auf dieser Website in Ihrem Facebook-Konto eingeloggt, werden die genannten Informationen mit diesem verkn\u00fcpft. Nutzen Sie die Funktionen des Plugins - etwa indem Sie einen Beitrag teilen oder \u201eliken\u201c -, werden die entsprechenden Informationen ebenfalls an die Facebook Inc. \u00fcbermittelt. M\u00f6chten Sie verhindern, dass die Facebook. Inc. diese Daten mit Ihrem Facebook-Konto verkn\u00fcpft, loggen Sie sich bitte vor dem Besuch dieser Website bei Facebook aus und l\u00f6schen Sie die gespeicherten Cookies. \u00dcber Ihr Facebook-Profil k\u00f6nnen Sie weitere Einstellungen zur Datenverarbeitung f\u00fcr Werbezwecke t\u00e4tigen oder der Nutzung Ihrer Daten f\u00fcr Werbezwecke widersprechen. Zu den Einstellungen gelangen Sie hier: Profileinstellungen bei Facebook: https:\/\/www.facebook.com\/ads\/preferences\/?entry_product=ad_settings_screen Cookie-Deaktivierungsseite der US-amerikanischen Website: http:\/\/optout.aboutads.info\/?c=2#!\/ Cookie-Deaktivierungsseite der europ\u00e4ischen Website: http:\/\/optout.networkadvertising.org\/?c=1#!\/ Welche Daten, zu welchem Zweck und in welchem Umfang Facebook erhebt, nutzt und verarbeitet und welche Rechte sowie Einstellungsm\u00f6glichkeiten Sie zum Schutz Ihrer Privatsph\u00e4re haben, k\u00f6nnen Sie in den Datenschutzrichtlinien von Facebook nachlesen. Diese finden Sie hier: https:\/\/www.facebook.com\/about\/privacy\/ Erfassung von allgemeinen Daten und Informationen Die Seite der Lebenshilfe Gro\u00df-Gerau e.V. hat rein informativen Charakter und erfasst daher nur notwendige Zugriffe auf unsere Seite. \u00dcber unseren Webprovider findet aufgrund unseres berechtigten Interesses (s. Art. 6 Abs. 1 lit. f. DSGVO) eine anonymisierte und nicht nachverfolgbare Protokollierung der Daten \u00fcber Zugriffe auf die Website statt. Folgende Daten werden protokolliert: \u00b7\u00a0\u00a0\u00a0\u00a0\u00a0\u00a0\u00a0\u00a0 Besuchte Website \u00b7\u00a0\u00a0\u00a0\u00a0\u00a0\u00a0\u00a0\u00a0 Uhrzeit zum Zeitpunkt des Zugriffes \u00b7\u00a0\u00a0\u00a0\u00a0\u00a0\u00a0\u00a0\u00a0 Menge der gesendeten Daten in Byte \u00b7\u00a0\u00a0\u00a0\u00a0\u00a0\u00a0\u00a0\u00a0 Quelle\/Verweis, von welchem Sie auf die Seite gelangten \u00b7\u00a0\u00a0\u00a0\u00a0\u00a0\u00a0\u00a0\u00a0 Verwendeter Browser \u00b7\u00a0\u00a0\u00a0\u00a0\u00a0\u00a0\u00a0\u00a0 Verwendetes Betriebssystem \u00b7\u00a0\u00a0\u00a0\u00a0\u00a0\u00a0\u00a0\u00a0 Verwendete Internet-Protokoll Adresse (IP-Adresse) \u00b7\u00a0\u00a0\u00a0\u00a0\u00a0\u00a0\u00a0\u00a0 Sonstige \u00e4hnliche Daten und Informationen, die der Gefahrenabwehr im Falle von Angriffen auf unsere informationstechnologischen Systeme dienen Die Server-Logfiles werden f\u00fcr maximal 6 Wochen gespeichert und anschlie\u00dfend gel\u00f6scht. Die Speicherung der Daten erfolgt aus Sicherheitsgr\u00fcnden, um z. B. Missbrauchsf\u00e4lle aufkl\u00e4ren zu k\u00f6nnen. M\u00fcssen Daten aus Beweisgr\u00fcnden aufgehoben werden, sind sie solange von der L\u00f6schung ausgenommen bis der Vorfall endg\u00fcltig gekl\u00e4rt ist. Registrierung auf unserer Internetseite Aktuell bietet diese Homepage keine M\u00f6glichkeit der Registrierung. Abonnement von Newslettern Zum aktuellen Zeitpunkt bietet unsere Homepage keine M\u00f6glichkeit zum Bezug eines elektronischen Newsletter. Kontaktm\u00f6glichkeiten \u00fcber die Homepage Die Homepage der Lebenshilfe Gro\u00df-Gerau e.V. enth\u00e4lt Angaben, die eine schnelle elektronische Kontaktaufnahme zu uns und eine unmittelbare Kommunikation erleichtern. Solche auf freiwilliger Basis von den betroffenen Personen an den zur Verarbeitung Verantwortlichen (also die Lebenshilfe Gro\u00df-Gerau e.V.) \u00fcbermittelten personenbezogene Daten werden nur f\u00fcr die Zwecke der Bearbeitung oder der Kontaktaufnahme zu der betroffenen Person gespeichert. Eine Weitergabe an Dritte erfolgt nicht. Rechte des Nutzers Sie haben als Nutzer das Recht, auf Antrag eine kostenlose Auskunft dar\u00fcber zu erhalten, welche personenbezogenen Daten \u00fcber Sie gespeichert wurden. Sie haben au\u00dferdem das Recht auf Berichtigung falscher Daten und auf die Verarbeitungseinschr\u00e4nkung oder L\u00f6schung Ihrer personenbezogenen Daten. Falls zutreffend, k\u00f6nnen Sie auch Ihr Recht auf Datenportabilit\u00e4t geltend machen. Wenn Sie von diesen Rechten Gebrauch machen m\u00f6chten, wenden Sie sich an Ihre zust\u00e4ndigen Ansprechpartner bei der Lebenshilfe Gro\u00df-Gerau e.V.. Sollten Sie annehmen, dass Ihre Daten unrechtm\u00e4\u00dfig verarbeitet wurden, k\u00f6nnen Sie eine Beschwerde bei der zust\u00e4ndigen Aufsichtsbeh\u00f6rde einreichen. L\u00f6schung von Daten Sofern Ihr Wunsch nicht mit einer gesetzlichen Pflicht zur Aufbewahrung von Daten kollidiert, haben Sie ein Anrecht auf L\u00f6schung Ihrer Daten. Von uns gespeicherte Daten werden, sollten sie f\u00fcr ihre Zweckbestimmung nicht mehr vonn\u00f6ten sein und es keine gesetzlichen Aufbewahrungsfristen geben, gel\u00f6scht. Falls eine L\u00f6schung nicht durchgef\u00fchrt werden kann, da die Daten f\u00fcr zul\u00e4ssige gesetzliche Zwecke erforderlich sind, erfolgt eine Einschr\u00e4nkung der Datenverarbeitung. In diesem Fall werden die Daten gesperrt und nicht f\u00fcr andere Zwecke verarbeitet. Widerspruchsrecht Nutzer dieser Homepage k\u00f6nnen von ihrem Widerspruchsrecht Gebrauch machen und der Verarbeitung ihrer personenbezogenen Daten zu jeder Zeit widersprechen. Wenn Sie eine Berichtigung, Sperrung, L\u00f6schung oder Auskunft \u00fcber die zu Ihrer Person gespeicherten personenbezogenen Daten w\u00fcnschen oder Fragen bzgl. der Erhebung, Verarbeitung oder Verwendung Ihrer personenbezogenen Daten haben oder erteilte Einwilligungen widerrufen m\u00f6chten, wenden Sie sich bitte an Ihre zust\u00e4ndigen Ansprechpartner bei der Lebenshilfe Gro\u00df-Gerau e.V..\", \"Deutsch Female\");\n                }\n            };\n        <\/script>\n    <br \/>\n<strong>Grundlegendes zur Homepage unseres Vereines<\/strong><\/p>\n<p>Unsere Homepage sammelt grunds\u00e4tzlich keinerlei personenbezogene Daten. Diese werden nur erfasst, wenn Sie sich direkt mit uns in Verbindung setzen, beispielsweise eine auf unserer Homepage angegebene Kontaktadresse nutzen.<br \/>\nIst die Verarbeitung personenbezogener Daten erforderlich, holen wir generell eine Einwilligung der betroffenen Person ein. Ohne Ihre Einwilligung geben wir Ihre Daten nicht an Dritte weiter.<\/p>\n<p>Die Verarbeitung personenbezogener Daten erfolgt im Einklang mit der Datenschutz-Grundverordnung und den landesspezifischen Datenschutzbestimmungen.<\/p>\n<p>Die Lebenshilfe Gro\u00df-Gerau e.V. hat als f\u00fcr die Verarbeitung Verantwortlicher zahlreiche technische und organisatorische Ma\u00dfnahmen getroffen, um einen m\u00f6glichst l\u00fcckenlosen Schutz der \u00fcber diese Internetseite verarbeiteten Daten sicher zu stellen. Dennoch k\u00f6nnen internetbasierte Daten\u00fcbertragungen grunds\u00e4tzlich Sicherheitsl\u00fccken aufweisen, so dass ein absoluter Schutz nicht gew\u00e4hrleistet werden kann.<\/p>\n<p>Aus diesem Grund steht unseren Nutzer*innen jederzeit frei, zur \u00dcbertragung von personenbezogenen Daten das Telefon oder den Postweg zu nutzen, oder uns zu unseren B\u00fcrozeiten pers\u00f6nlich anzusprechen.<\/p>\n<\/p>\n<p><strong>Name und Anschrift des Verantwortlichen f\u00fcr die Homepage<\/strong><\/p>\n<p>Verantwortlich im Sinn der Datenschutz-Grundverordnung, sonstiger in den Mitgliedsstaaten der Europ\u00e4ischen Union geltenden Datenschutzgesetze und anderer Bestimmungen mit datenschutzrechtlichem Charakter ist:<\/p>\n<p>Lebenshilfe Kreisvereinigung Gro\u00df-Gerau e.V<br \/>\nWalburgastr. 5<br \/>\n64521 Gro\u00df-Gerau<br \/>\nTel: 06152 \/ 638009<br \/>\nE-Mail: info@lebenshilfe-kv-gg.de<\/p>\n<\/p>\n<p><strong>Google Analytics\/ Cookies<\/strong><\/p>\n<p>Die Homepage der Lebenshilfe Gro\u00df-Gerau e.V. verwendet keine Google Analytics, einen Webanalysedienst der Google Inc. (\u201eGoogle\u201c). Daher werden keine \u201eCookies\u201c, also Textdateien, auf Ihrem Computer gespeichert werden und es wird auch keine Analyse der Benutzung der Website durch sie durchgef\u00fchrt.<\/p>\n<\/p>\n<p><strong>Verwendung von Facebook \u201eSocial Plugins\u201c<\/strong><\/p>\n<p>Unser Auftritt bei Facebook ist bewusst nicht mit der Homepage verlinkt, um den Datenaustausch zu begrenzen. Wir betreiben jedoch einen Facebook-Auftritt.<\/p>\n<p>Aufgrund unseres berechtigten Interesses an der Analyse, Optimierung und dem Betrieb unseres Online-Angebotes (im Sinne des Art. 6 Abs. 1 lit. f. DSGVO), kann diese Website jedoch zuk\u00fcnftig eventuell das Facebook-Social-Plugin nutzen, welches von der Facebook Inc. (1 Hacker Way, Menlo Park, California 94025, USA) betrieben wird. Erkennbar sind die Einbindungen an dem Facebook-Logo bzw. an den Begriffen \u201eLike\u201c, \u201eGef\u00e4llt mir\u201c, \u201eTeilen\u201c in den Farben Facebooks (Blau und Wei\u00df). Informationen zu allen Facebook-Plugins finden Sie \u00fcber den folgenden Link: https:\/\/developers.facebook.com\/docs\/plugins\/<\/p>\n<p>Facebook Inc. h\u00e4lt das europ\u00e4ische Datenschutzrecht ein und ist unter dem Privacy-Shield-Abkommen zertifiziert: https:\/\/www.privacyshield.gov\/participant?id=a2zt0000000GnywAAC&amp;status=Active<\/p>\n<p>Das Plugin stellt eine direkte Verbindung zwischen Ihrem Browser und den Facebook-Servern her. Der Websitebetreiber hat keinerlei Einfluss auf die Natur und den Umfang der Daten, welche das Plugin an die Server der Facebook Inc. \u00fcbermittelt. Informationen dazu finden Sie hier: https:\/\/www.facebook.com\/help\/186325668085084<\/p>\n<p>Das Plugin informiert die Facebook Inc. dar\u00fcber, dass Sie als Nutzer diese Website besucht haben. Es besteht hierbei die M\u00f6glichkeit, dass Ihre IP-Adresse gespeichert wird. Sind Sie w\u00e4hrend des Besuchs auf dieser Website in Ihrem Facebook-Konto eingeloggt, werden die genannten Informationen mit diesem verkn\u00fcpft.<\/p>\n<p>Nutzen Sie die Funktionen des Plugins &#8211; etwa indem Sie einen Beitrag teilen oder \u201eliken\u201c -, werden die entsprechenden Informationen ebenfalls an die Facebook Inc. \u00fcbermittelt.<\/p>\n<p>M\u00f6chten Sie verhindern, dass die Facebook. Inc. diese Daten mit Ihrem Facebook-Konto verkn\u00fcpft, loggen Sie sich bitte vor dem Besuch dieser Website bei Facebook aus und l\u00f6schen Sie die gespeicherten Cookies. \u00dcber Ihr Facebook-Profil k\u00f6nnen Sie weitere Einstellungen zur Datenverarbeitung f\u00fcr Werbezwecke t\u00e4tigen oder der Nutzung Ihrer Daten f\u00fcr Werbezwecke widersprechen. Zu den Einstellungen gelangen Sie hier:<\/p>\n<p>Profileinstellungen bei Facebook: https:\/\/www.facebook.com\/ads\/preferences\/?entry_product=ad_settings_screen<\/p>\n<p>Cookie-Deaktivierungsseite der US-amerikanischen Website: http:\/\/optout.aboutads.info\/?c=2#!\/<\/p>\n<p>Cookie-Deaktivierungsseite der europ\u00e4ischen Website: http:\/\/optout.networkadvertising.org\/?c=1#!\/<\/p>\n<p>Welche Daten, zu welchem Zweck und in welchem Umfang Facebook erhebt, nutzt und verarbeitet und welche Rechte sowie Einstellungsm\u00f6glichkeiten Sie zum Schutz Ihrer Privatsph\u00e4re haben, k\u00f6nnen Sie in den Datenschutzrichtlinien von Facebook nachlesen. Diese finden Sie hier: https:\/\/www.facebook.com\/about\/privacy\/<\/p>\n<\/p>\n<p><strong>Erfassung von allgemeinen Daten und Informationen<\/strong><\/p>\n<p>Die Seite der Lebenshilfe Gro\u00df-Gerau e.V. hat rein informativen Charakter und erfasst daher nur notwendige Zugriffe auf unsere Seite. \u00dcber unseren Webprovider findet aufgrund unseres berechtigten Interesses (s. Art. 6 Abs. 1 lit. f. DSGVO) eine anonymisierte und nicht nachverfolgbare Protokollierung der Daten \u00fcber Zugriffe auf die Website statt. Folgende Daten werden protokolliert:<\/p>\n<p>\u00b7\u00a0\u00a0\u00a0\u00a0\u00a0\u00a0\u00a0\u00a0 Besuchte Website<br \/>\n\u00b7\u00a0\u00a0\u00a0\u00a0\u00a0\u00a0\u00a0\u00a0 Uhrzeit zum Zeitpunkt des Zugriffes<br \/>\n\u00b7\u00a0\u00a0\u00a0\u00a0\u00a0\u00a0\u00a0\u00a0 Menge der gesendeten Daten in Byte<br \/>\n\u00b7\u00a0\u00a0\u00a0\u00a0\u00a0\u00a0\u00a0\u00a0 Quelle\/Verweis, von welchem Sie auf die Seite gelangten<br \/>\n\u00b7\u00a0\u00a0\u00a0\u00a0\u00a0\u00a0\u00a0\u00a0 Verwendeter Browser<br \/>\n\u00b7\u00a0\u00a0\u00a0\u00a0\u00a0\u00a0\u00a0\u00a0 Verwendetes Betriebssystem<br \/>\n\u00b7\u00a0\u00a0\u00a0\u00a0\u00a0\u00a0\u00a0\u00a0 Verwendete Internet-Protokoll Adresse (IP-Adresse)<br \/>\n\u00b7\u00a0\u00a0\u00a0\u00a0\u00a0\u00a0\u00a0\u00a0 Sonstige \u00e4hnliche Daten und Informationen, die der Gefahrenabwehr im Falle von Angriffen auf unsere informationstechnologischen Systeme dienen<\/p>\n<p>Die Server-Logfiles werden f\u00fcr maximal 6 Wochen gespeichert und anschlie\u00dfend gel\u00f6scht. Die Speicherung der Daten erfolgt aus Sicherheitsgr\u00fcnden, um z. B. Missbrauchsf\u00e4lle aufkl\u00e4ren zu k\u00f6nnen. M\u00fcssen Daten aus Beweisgr\u00fcnden aufgehoben werden, sind sie solange von der L\u00f6schung ausgenommen bis der Vorfall endg\u00fcltig gekl\u00e4rt ist.<\/p>\n<\/p>\n<p><strong>Registrierung auf unserer Internetseite<\/strong><\/p>\n<p>Aktuell bietet diese Homepage keine M\u00f6glichkeit der Registrierung.<\/p>\n<\/p>\n<p><strong>Abonnement von Newslettern<\/strong><\/p>\n<p>Zum aktuellen Zeitpunkt bietet unsere Homepage keine M\u00f6glichkeit zum Bezug eines elektronischen Newsletter.<\/p>\n<\/p>\n<p><strong>Kontaktm\u00f6glichkeiten \u00fcber die Homepage<\/strong><\/p>\n<p>Die Homepage der Lebenshilfe Gro\u00df-Gerau e.V. enth\u00e4lt Angaben, die eine schnelle elektronische Kontaktaufnahme zu uns und eine unmittelbare Kommunikation erleichtern.<\/p>\n<p>Solche auf freiwilliger Basis von den betroffenen Personen an den zur Verarbeitung Verantwortlichen (also die Lebenshilfe Gro\u00df-Gerau e.V.) \u00fcbermittelten personenbezogene Daten werden nur f\u00fcr die Zwecke der Bearbeitung oder der Kontaktaufnahme zu der betroffenen Person gespeichert. Eine Weitergabe an Dritte erfolgt nicht.<\/p>\n<\/p>\n<p><strong>Rechte des Nutzers<\/strong><\/p>\n<p>Sie haben als Nutzer das Recht, auf Antrag eine kostenlose Auskunft dar\u00fcber zu erhalten, welche personenbezogenen Daten \u00fcber Sie gespeichert wurden. Sie haben au\u00dferdem das Recht auf Berichtigung falscher Daten und auf die Verarbeitungseinschr\u00e4nkung oder L\u00f6schung Ihrer personenbezogenen Daten. Falls zutreffend, k\u00f6nnen Sie auch Ihr Recht auf Datenportabilit\u00e4t geltend machen. Wenn Sie von diesen Rechten Gebrauch machen m\u00f6chten, wenden Sie sich an Ihre zust\u00e4ndigen Ansprechpartner bei der Lebenshilfe Gro\u00df-Gerau e.V..<\/p>\n<p>Sollten Sie annehmen, dass Ihre Daten unrechtm\u00e4\u00dfig verarbeitet wurden, k\u00f6nnen Sie eine Beschwerde bei der zust\u00e4ndigen Aufsichtsbeh\u00f6rde einreichen.<\/p>\n<p><strong><br \/>\nL\u00f6schung von Daten<\/strong><\/p>\n<p>Sofern Ihr Wunsch nicht mit einer gesetzlichen Pflicht zur Aufbewahrung von Daten kollidiert, haben Sie ein Anrecht auf L\u00f6schung Ihrer Daten. Von uns gespeicherte Daten werden, sollten sie f\u00fcr ihre Zweckbestimmung nicht mehr vonn\u00f6ten sein und es keine gesetzlichen Aufbewahrungsfristen geben, gel\u00f6scht. Falls eine L\u00f6schung nicht durchgef\u00fchrt werden kann, da die Daten f\u00fcr zul\u00e4ssige gesetzliche Zwecke erforderlich sind, erfolgt eine Einschr\u00e4nkung der Datenverarbeitung. In diesem Fall werden die Daten gesperrt und nicht f\u00fcr andere Zwecke verarbeitet.<\/p>\n<\/p>\n<p><strong>Widerspruchsrecht<\/strong><\/p>\n<p>Nutzer dieser Homepage k\u00f6nnen von ihrem Widerspruchsrecht Gebrauch machen und der Verarbeitung ihrer personenbezogenen Daten zu jeder Zeit widersprechen.<\/p>\n<p>Wenn Sie eine Berichtigung, Sperrung, L\u00f6schung oder Auskunft \u00fcber die zu Ihrer Person gespeicherten personenbezogenen Daten w\u00fcnschen oder Fragen bzgl. der Erhebung, Verarbeitung oder Verwendung Ihrer personenbezogenen Daten haben oder erteilte Einwilligungen widerrufen m\u00f6chten, wenden Sie sich bitte an Ihre zust\u00e4ndigen Ansprechpartner bei der Lebenshilfe Gro\u00df-Gerau e.V..<\/p>\n","protected":false},"excerpt":{"rendered":"<p>Grundlegendes zur Homepage unseres Vereines Unsere Homepage sammelt grunds\u00e4tzlich keinerlei personenbezogene Daten. Diese werden nur erfasst, wenn Sie sich direkt mit uns in Verbindung setzen, beispielsweise eine auf unserer Homepage <a class=\"more-link\" href=\"https:\/\/www.lebenshilfe-kv-gg.de\/?page_id=8895\">Weiterlesen &#8230; \u2192<\/a><\/p>\n","protected":false},"author":1,"featured_media":0,"parent":0,"menu_order":8,"comment_status":"closed","ping_status":"closed","template":"","meta":{"footnotes":""},"class_list":["post-8895","page","type-page","status-publish","hentry"],"_links":{"self":[{"href":"https:\/\/www.lebenshilfe-kv-gg.de\/index.php?rest_route=\/wp\/v2\/pages\/8895","targetHints":{"allow":["GET"]}}],"collection":[{"href":"https:\/\/www.lebenshilfe-kv-gg.de\/index.php?rest_route=\/wp\/v2\/pages"}],"about":[{"href":"https:\/\/www.lebenshilfe-kv-gg.de\/index.php?rest_route=\/wp\/v2\/types\/page"}],"author":[{"embeddable":true,"href":"https:\/\/www.lebenshilfe-kv-gg.de\/index.php?rest_route=\/wp\/v2\/users\/1"}],"replies":[{"embeddable":true,"href":"https:\/\/www.lebenshilfe-kv-gg.de\/index.php?rest_route=%2Fwp%2Fv2%2Fcomments&post=8895"}],"version-history":[{"count":8,"href":"https:\/\/www.lebenshilfe-kv-gg.de\/index.php?rest_route=\/wp\/v2\/pages\/8895\/revisions"}],"predecessor-version":[{"id":13138,"href":"https:\/\/www.lebenshilfe-kv-gg.de\/index.php?rest_route=\/wp\/v2\/pages\/8895\/revisions\/13138"}],"wp:attachment":[{"href":"https:\/\/www.lebenshilfe-kv-gg.de\/index.php?rest_route=%2Fwp%2Fv2%2Fmedia&parent=8895"}],"curies":[{"name":"wp","href":"https:\/\/api.w.org\/{rel}","templated":true}]}}